q - 5*b, 0 = -3*q + 2*b - b - 4. Calculate the remainder when q*(98/10)/((-4)/10) is divided by 25.
24
Suppose 0 = -12*j - 0*j. Suppose j*w - 8*w = -184. Calculate the remainder when 112 is divided by w.
20
Let p(i) = i**2 - 8*i - 25. What is the remainder when (-6)/(4 - 7) - -21 is divided by p(11)?
7
Let h(b) = b + 12. Let q be h(-6). Suppose q = i - 0*i. What is the remainder when i is divided by (-7 + 5)/((-7)/(21/2))?
0
Let z(l) = -l**3 - 13*l**2 - 14*l - 17. Let y be 2/(-13) - (-1540)/(-130). Let p be z(y). Suppose 15 = -4*r + p*r. What is the remainder when r is divided by 2?
1
Let y(w) = w**3 + 3*w**2 + 3*w + 52. Suppose g = 0, r + 5*g - 18 = 9. Calculate the remainder when y(0) is divided by r.
25
Suppose 1134 = 17*m - 1654. Calculate the remainder when m is divided by 7.
3
Let r = -118 + 198. Calculate the remainder when r is divided by -1 + 26 + 15/5.
24
Suppose -5*z - 33 = -223. What is the remainder when 87 is divided by z?
11
Calculate the remainder when 345 is divided by (-12)/114 + 35296/304.
113
Let d = 73 + -40. What is the remainder when 0 - ((-40)/(-6))/((-3)/27) is divided by d?
27
Let y be (-12)/(4 - (-1 - -7)). Let i be y/(-8)*(-72)/27. Suppose -42 = -i*f + 2*u, -2*f + 32 + 14 = -4*u. Calculate the remainder when f is divided by 10.
9
Suppose -2*x + 55 = o, 5*x + 83 = 2*o - 0*o. What is the remainder when o is divided by (-154)/(-12) + 7/42?
10
Let m = 64 + -27. What is the remainder when (-3)/((12/(-147))/4) is divided by m?
36
Suppose 0*o - o + 1 = 0. Let u(m) = 299*m + 2393. What is the remainder when o is divided by u(-8)?
0
Let p(f) = -20*f + 4. Calculate the remainder when p(-3) is divided by 22.
20
Calculate the remainder when -6*((-1379)/42 - 2) is divided by 70.
69
Suppose -2*h = 4*t - 414, -5*t - 104 + 639 = -h. Calculate the remainder when t is divided by 30.
16
Let t = -2 - -7. Let z = t + 4. Calculate the remainder when z is divided by 7.
2
Let s be -3*(-3)/27*9. Suppose -m = -4*q + 17, -4*q + 3*q = s*m + 64. Let d = m + 31. What is the remainder when d is divided by 3?
1
Suppose 0 = -4*i + 17 + 27. Suppose 8*b - i*b = -66. Calculate the remainder when b is divided by 12.
10
Let c be 1/(5 - 4)*5. Suppose c*f - 448 = 217. Calculate the remainder when f is divided by 34.
31
Let o(r) = 3*r**2 + r - 1 - r**3 - r + 0. Let w be o(2). What is the remainder when 14 is divided by (1 + -2)/(w/(-12))?
2
Let w(h) = h**3 + 10*h**2 + 2*h - 22. Let n be ((-12)/(-36))/(2/(-54)). Calculate the remainder when w(n) is divided by 11.
8
Suppose 28*c = 15*c + 1196. Calculate the remainder when c is divided by 35.
22
Let q(g) = g**2 - 13*g + 2. Let s be q(15). Suppose h + s = 2*h. Let o = h + -19. Calculate the remainder when 25 is divided by o.
12
Let m(v) = 3*v**2 - 23*v - 118. What is the remainder when m(-5) is divided by 64?
8
Suppose -7*c = -17130 + 505. Let k be 6/(c/590 + -4). Let v = k - 134. What is the remainder when v is divided by 21?
18
Let s(w) = -8*w + 861. Calculate the remainder when s(-55) is divided by 42.
41
Let a be 27/(-6) - 3/6. Suppose 2*y = -3*q + 17, 0 = 8*y - 4*y - 2*q - 42. Calculate the remainder when (216/60)/((-1)/a) is divided by y.
8
Suppose 95*u = 68*u + 486. Let r(n) = 10*n + 1. Calculate the remainder when r(7) is divided by u.
17
Suppose 5*k = -3*x - 113, x + 5 - 26 = k. Let d = k - -220. Calculate the remainder when d is divided by 50.
48
Let b = 24 + 36. Suppose 4*u - 20 = b. What is the remainder when 59 is divided by u?
19
Let l be (-1)/2 + (-27)/(-6). Suppose 5*f + l*g = 305, -5*g - 137 = -5*f + 123. Calculate the remainder when f is divided by 30.
27
Suppose -5*h = -4*l - 3 - 8, -3*l + 3 = 0. Calculate the remainder when 85 is divided by 66/4*4/h.
19
Calculate the remainder when (-17)/(-85) - 1632/(-15) is divided by 11.
10
Suppose 0 = -5*l - r - 4*r + 1475, -4*l = r - 1192. Suppose -2*d - 5*k + 85 = 0, 4*k - 80 = 3*d - 242. Calculate the remainder when l is divided by d.
49
Suppose w - 672 = -5*c, -2*w + 3*w = 3*c - 400. Calculate the remainder when c is divided by 34.
32
Suppose 0 = -2*h - 4*s + 20, -3*s + 25 = 2*s. Suppose -4*g = g - 55. Calculate the remainder when 4/(-12) - ((-128)/6 - h) is divided by g.
10
Suppose 5*t + 5*k - 360 = 0, -3*k = -7*t + 3*t + 309. Suppose 47 = 2*h + 5*x, 3*h + 4*x = -0*h + 53. What is the remainder when t is divided by h?
9
Suppose 0*o + o + 4 = 2*a, 4*o - 34 = -2*a. What is the remainder when 129 is divided by o?
3
Let w = 5 + 6. Let n = 30 - 34. Calculate the remainder when (-28)/(10/5)*6/n is divided by w.
10
Let c be (6/4)/(5*(-5)/(-50)). Suppose c*n + 5*j + 49 = 318, 5*n = 3*j + 471. Calculate the remainder when n is divided by 19.
17
Calculate the remainder when -3 + 1803/4 - 42/56 is divided by 75.
72
Suppose -3*c + 5 = -q, 100*c - 105*c + 2*q + 7 = 0. What is the remainder when c is divided by 3?
0
Suppose -16*i = -26*i + 130. Calculate the remainder when 25 is divided by i.
12
Let s = 0 + -13. Let o = 42 + s. Suppose -2*y = 3*w - o, 4*y - 3*w = y + 36. What is the remainder when 64 is divided by y?
12
Let h = -946 + 1127. What is the remainder when h is divided by 37?
33
Suppose -7 = -5*o - 52. Let a = o - -12. Suppose -a*p = -3*z, p + 3*z = 2*p + 2. Calculate the remainder when 3 is divided by p.
0
Let p(h) = -10*h + 164. What is the remainder when 119 is divided by p(6)?
15
Suppose -4*m - 4 = 5*f - 21, -3*f = -5*m + 12. Suppose -m*k - 6 = -5*k. Let g = -5 - -8. Calculate the remainder when k is divided by g.
0
Let n(u) = -u**2 + 23*u - 16. What is the remainder when 429 is divided by n(17)?
85
Suppose 3*f + 31*f - 4624 = 0. Calculate the remainder when f is divided by 43.
7
Let z = -1189 + 1204. What is the remainder when 119 is divided by z?
14
Let t = -39 - -43. Suppose -4*a + 64 = -3*a - t*s, -182 = -3*a + 2*s. Suppose a = f + 3*f. What is the remainder when 41 is divided by f?
11
Suppose -4*r + 1 = -3. Suppose -5*b + 40 = -5*v, b - v = 5*b - 17. Suppose 3*x - 4 = b. What is the remainder when x is divided by r?
0
What is the remainder when (-298)/(-14) - 12/42 is divided by 1/(1 + 60/(-66))?
10
Let h(u) = 4*u + 1. Let v(y) = -y**3 + 10*y**2 + 3*y - 25. Let r be v(10). Calculate the remainder when 104 is divided by h(r).
20
Suppose 34*w - 4*w - 1680 = 0. Calculate the remainder when w is divided by 32.
24
Let l(r) be the third derivative of r**5/4 + r**4/6 + r**3/2 + 5*r**2. Calculate the remainder when l(-2) is divided by 14.
13
Suppose 4*y - 12 - 12 = 0. Calculate the remainder when 8 is divided by y.
2
Suppose -3*s + 2*v - v - 23 = 0, 0 = 4*s - 3*v + 34. Let c = s - -24. What is the remainder when c is divided by 6?
5
Let o = 957 - 936. What is the remainder when 181 is divided by o?
13
Suppose 0 = 4*h - 5*a - 33, 4*a + 8 = -12. Suppose 4*l + 8 = 0, 2*u = h*l - 4*l + 86. What is the remainder when u is divided by 23?
22
Calculate the remainder when 525 is divided by (-10)/1035*-9 + 3028/92.
30
Let k(i) = i - 11. Let y be k(6). Let u(w) = -5*w + 7. Calculate the remainder when u(y) is divided by 18.
14
Suppose -2*d = -4, 4*h - 78 = 2*d + 46. Let c be (-47)/4 - (-1)/(-4). Let g = h - c. Calculate the remainder when g is divided by 15.
14
Let k be 2/(-4) - (-427)/14. Suppose 2*p - 84 = 18. Let w = p - k. What is the remainder when w is divided by 8?
5
Let b(o) = -o**3 - 4*o**2 + 2*o - 7. Let v = -6 - -8. What is the remainder when (-1 + v)/(3/69) is divided by b(-5)?
7
What is the remainder when (-1236)/(-6)*(-5)/(-10) is divided by 31?
10
Suppose -20 = 2*w + 5*q, 5 = -3*w - q + 1. Let y(o) = -o + 38. Suppose 4*a + 150 = 19*a. What is the remainder when y(w) is divided by a?
8
Let n be -1*2*(-12)/8. Suppose 3*f + v - 230 = 3*v, n*v - 95 = -f. What is the remainder when f is divided by 28?
24
Let s(n) = n**2 - 33*n + 166. Calculate the remainder when 35 is divided by s(6).
3
What is the remainder when 295*((-28)/20 + -3 - -5) is divided by 13?
8
Suppose -61 = -8*k + 339. Let f = -5 - -24. Calculate the remainder when k is divided by f.
12
Let u be 1*(-6)/2 + (-3 - -8). Suppose a - 1 = u*a, 4*a = -5*n + 76. What is the remainder when 47 is divided by n?
15
Suppose -35*x + 942 = 277. Calculate the remainder when 257 is divided by x.
10
Suppose -55 = 51*f - 56*f. Let c = -69 - -100. Calculate the remainder when c is divided by f.
9
Suppo